{"id":109,"date":"2021-06-06T19:24:29","date_gmt":"2021-06-06T23:24:29","guid":{"rendered":"http:\/\/www.csfda.cl\/beta\/?page_id=109"},"modified":"2026-05-20T14:40:00","modified_gmt":"2026-05-20T18:40:00","slug":"actividades-de-formacion","status":"publish","type":"page","link":"https:\/\/www.colegiosanfranciscodeasis.cl\/csfda\/presentacion-del-colegio\/actividades-con-los-padres-de-familia\/actividades-de-formacion\/","title":{"rendered":"Actividades de formaci\u00f3n"},"content":{"rendered":"<p>Para la atenci\u00f3n pastoral de las familias del colegio, se ofrecen las charlas de \u201cSchola Cordis Iesu\u201d todas las semanas, los d\u00edas mi\u00e9rcoles, a las 20:00 horas a trav\u00e9s de Zoom para padres y profesores.<\/p>\n<p>En ellas se van profundizando diversos aspectos de espiritualidad, historia de la Iglesia, teolog\u00eda u otros temas que, convenientemente programados, se estimen necesarios. Siempre desde la fidelidad al Magisterio de la Iglesia de hoy y de siempre.<\/p>\n<p>Se va profundizando, de este modo, en el amor que Dios nos tiene manifestado especialmente en el coraz\u00f3n de Su Hijo. Adem\u00e1s, como caracter\u00edstica esencial de la formaci\u00f3n espiritual del colegio, tanto a los padres como a los alumnos, se les presenta el camino de la infancia espiritual y del abandono, y filial confianza, en la misericordia de Dios.<\/p>\n<p>Los alumnos mayores disponen tambi\u00e9n de estas charlas, adecuadas a su edad, y que se realizan los viernes a las 19:00 horas. Se acompa\u00f1an siempre con un rato de adoraci\u00f3n ante el Sant\u00edsimo Sacramento en el oratorio del colegio.<\/p>\n<p>Con los alumnos m\u00e1s peque\u00f1os (\u00faltimos a\u00f1os de la B\u00e1sica), se imparten catequesis y formaci\u00f3n apropiada a su edad, ayudados por alumnos de los cursos superiores para que, desde ni\u00f1os, vayan configurando su coraz\u00f3n con el Coraz\u00f3n de Jes\u00fas.<\/p>\n","protected":false},"excerpt":{"rendered":"<p>Para la atenci\u00f3n pastoral de las familias del colegio, se ofrecen las charlas de \u201cSchola Cordis Iesu\u201d todas las semanas, los d\u00edas mi\u00e9rcoles, a las 20:00 horas a trav\u00e9s de Zoom para padres y profesores. En ellas se van profundizando diversos aspectos<a class=\"read-more\" href=\"https:\/\/www.colegiosanfranciscodeasis.cl\/csfda\/presentacion-del-colegio\/actividades-con-los-padres-de-familia\/actividades-de-formacion\/\" rel=\"nofollow\">[&#8230;]<\/a><\/p>\n","protected":false},"author":1,"featured_media":0,"parent":16,"menu_order":229,"comment_status":"closed","ping_status":"closed","template":"page-texto-imagen.php","meta":{"footnotes":""},"class_list":["post-109","page","type-page","status-publish","hentry","odd"],"_links":{"self":[{"href":"https:\/\/www.colegiosanfranciscodeasis.cl\/csfda\/wp-json\/wp\/v2\/pages\/109","targetHints":{"allow":["GET"]}}],"collection":[{"href":"https:\/\/www.colegiosanfranciscodeasis.cl\/csfda\/wp-json\/wp\/v2\/pages"}],"about":[{"href":"https:\/\/www.colegiosanfranciscodeasis.cl\/csfda\/wp-json\/wp\/v2\/types\/page"}],"author":[{"embeddable":true,"href":"https:\/\/www.colegiosanfranciscodeasis.cl\/csfda\/wp-json\/wp\/v2\/users\/1"}],"replies":[{"embeddable":true,"href":"https:\/\/www.colegiosanfranciscodeasis.cl\/csfda\/wp-json\/wp\/v2\/comments?post=109"}],"version-history":[{"count":4,"href":"https:\/\/www.colegiosanfranciscodeasis.cl\/csfda\/wp-json\/wp\/v2\/pages\/109\/revisions"}],"predecessor-version":[{"id":25819,"href":"https:\/\/www.colegiosanfranciscodeasis.cl\/csfda\/wp-json\/wp\/v2\/pages\/109\/revisions\/25819"}],"up":[{"embeddable":true,"href":"https:\/\/www.colegiosanfranciscodeasis.cl\/csfda\/wp-json\/wp\/v2\/pages\/16"}],"wp:attachment":[{"href":"https:\/\/www.colegiosanfranciscodeasis.cl\/csfda\/wp-json\/wp\/v2\/media?parent=109"}],"curies":[{"name":"wp","href":"https:\/\/api.w.org\/{rel}","templated":true}]}}

Actividades de formación

<p>Para la atención pastoral de las familias del colegio, se ofrecen las charlas de “Schola Cordis Iesu” todas las semanas, los días miércoles, a las 20:00 horas a través de Zoom para padres y profesores.</p>
<p>En ellas se van profundizando diversos aspectos de espiritualidad, historia de la Iglesia, teología u otros temas que, convenientemente programados, se estimen necesarios. Siempre desde la fidelidad al Magisterio de la Iglesia de hoy y de siempre.</p>
<p>Se va profundizando, de este modo, en el amor que Dios nos tiene manifestado especialmente en el corazón de Su Hijo. Además, como característica esencial de la formación espiritual del colegio, tanto a los padres como a los alumnos, se les presenta el camino de la infancia espiritual y del abandono, y filial confianza, en la misericordia de Dios.</p>
<p>Los alumnos mayores disponen también de estas charlas, adecuadas a su edad, y que se realizan los viernes a las 19:00 horas. Se acompañan siempre con un rato de adoración ante el Santísimo Sacramento en el oratorio del colegio.</p>
<p>Con los alumnos más pequeños (últimos años de la Básica), se imparten catequesis y formación apropiada a su edad, ayudados por alumnos de los cursos superiores para que, desde niños, vayan configurando su corazón con el Corazón de Jesús.</p>

<p>Para la atención pastoral de las familias del colegio, se ofrecen las charlas de “Schola Cordis Iesu” todas las semanas, los días miércoles, a las 20:00 horas a través de Zoom para padres y profesores. En ellas se van profundizando diversos aspectos<a class="read-more" href="https://www.colegiosanfranciscodeasis.cl/csfda/presentacion-del-colegio/actividades-con-los-padres-de-familia/actividades-de-formacion/" rel="nofollow">[&#8230;]</a></p>
